5. Let s be p(7). Let l = s + k. What is the units digit of l?
8
Let v(g) = 17 + 9*g + 18 + 0*g + 22 - 53. Suppose 6 = -2*c + 4*c. What is the tens digit of v(c)?
3
Let y(g) = 2*g - 10. Let l be y(7). Suppose -l*n + 42 = -74. Suppose -n = -2*x - 5. What is the tens digit of x?
1
Let g be 10/2*(-7 - -8). Suppose -u + 36 + 8 = -3*o, -4*u + 64 = -g*o. Let d = 72 + o. What is the tens digit of d?
5
Let r = -3913 - -9024. What is the thousands digit of r?
5
Suppose 0 = 3*f - 6. Let c = 2 - f. Let p(q) = q**2 + 21. What is the units digit of p(c)?
1
Let c = -18 + 63. Let u = 71 - c. Let s = 45 - u. What is the units digit of s?
9
Suppose 0 = -5*f + 65 + 65. Let p = 17 + -32. Let g = p + f. What is the tens digit of g?
1
Let y = -400 - -939. What is the tens digit of y?
3
Suppose -2*d = -3*v + 11 + 4, 3*v - 3 = -2*d. Suppose -v*a = -0*a + 3. What is the units digit of ((-2)/(-3))/(a/(-78))?
2
Suppose -s + 4*u + 1462 = 0, 1816 = 5*s - u - 5532. What is the tens digit of s?
7
Let p(j) = -7*j - 2*j - 7 - 76. What is the hundreds digit of p(-24)?
1
Suppose 46*s - 55*s = -2025. What is the hundreds digit of s?
2
Suppose -103*x + 109950 = -78*x. What is the hundreds digit of x?
3
Let z = -207 + 350. Let f = z + -82. What is the units digit of f?
1
Suppose -z - 111 + 12 = -u, -3*u = -z - 91. Let k = 148 + z. What is the units digit of k?
5
What is the units digit of (4/(-2) - 1004)/(4 + -6)?
3
Suppose 73*s - 74*s = -1261. What is the units digit of s?
1
Suppose 8*j - 543 = 145. What is the units digit of j?
6
Suppose 3618 = -199*b + 202*b. What is the hundreds digit of b?
2
Suppose -2*q - 39 = -5*q. Let y(t) = -t**3 + 13*t**2 + 3*t + 4. What is the tens digit of y(q)?
4
Let m = -15 - -30. Suppose -4*b + 7*b - 555 = 0. Suppose -96 = -3*q + 2*h + m, 5*q - b = -4*h. What is the units digit of q?
7
Let b be ((-4)/(-10) - (-2868)/(-20)) + -2. Let g = -40 - b. What is the hundreds digit of g?
1
Let w(g) = 52*g - 58. What is the hundreds digit of w(8)?
3
Suppose 0 = -v + 4*l + 13, 3*v - 2*l = l + 21. Suppose -182 = -4*c - 46. Suppose v*w + 4 - c = 0. What is the units digit of w?
6
Suppose 169*h - 176*h = -6195. What is the units digit of h?
5
Let m(r) = -24*r - 4. Let q be m(-12). Suppose 0 = -5*h - 29 + q. What is the tens digit of h?
5
Suppose -4*q + 30 = -46. Let m(n) = 2*n + 1. What is the tens digit of m(q)?
3
Let s(d) = 14 + 7*d**2 - d**2 + 10*d**2 + 7*d - 3*d**3 + 1. Let v(o) = -o**3 + 8*o**2 + 4*o + 7. Let x(w) = -2*s(w) + 5*v(w). What is the tens digit of x(-7)?
1
Let t(s) = s**2 - 14*s + 57. Let o be (-62)/(-4) + 30/(-20). What is the units digit of t(o)?
7
Let q be 2/9 + 32/(-144). Suppose q = 18*g - 14*g - 512. What is the units digit of g?
8
Let o(d) = -17*d + 6. Let n(s) = -s - 3 + 1 + 3. Let a(z) = 6*n(z) - o(z). What is the tens digit of a(1)?
1
Let b(n) = -2*n + 27. Let s be b(15). Let a = s + 10. What is the units digit of a?
7
Let c = 45 - 42. Suppose -4*a + 386 = -2*g, 143 - 440 = -c*a + 3*g. What is the tens digit of a?
9
Let x(h) = -h + 4. Let a(o) = -2*o**3 + 2*o**2. Let k be a(2). Let n = k + 0. What is the tens digit of x(n)?
1
Suppose 114 = 4*c + s - 510, 156 = c + s. What is the tens digit of c?
5
Let d(p) = -p**2 - 6*p - 13. Let m be d(-3). Let o be (-2)/(-6) - (-254)/(-6). Let l = m - o. What is the tens digit of l?
3
Let a = 9 + -5. Suppose 3*i - 30 = 3*p, 2*i - a*p - 5 = 5*i. What is the units digit of (4/i)/((-8)/(-60))?
6
Let x(r) = -r**2 + 9*r + 2. Let i be x(9). Let h(s) = 3*s + 4. Let g be h(i). Suppose g*q - 96 = 6*q. What is the units digit of q?
4
Let r = -54 - -91. Let p = -31 + r. Suppose 132 = p*t - 3*t. What is the units digit of t?
4
Let f = -405 - -788. What is the tens digit of f?
8
Let o = -1287 + 3788. What is the units digit of o?
1
Let z(m) = -m**2 + 14*m - 35. Let g be z(10). Let v = 17 + -12. Suppose 305 = g*o - 5*y, 3*o - 3*y + v*y = 168. What is the tens digit of o?
5
Suppose -63*r + 64*r = 2058. What is the hundreds digit of r?
0
Let i(y) = y**3 + 12*y**2 + 11*y + 25. What is the tens digit of i(-11)?
2
Let l(z) = -5*z + 1. Let d be l(-9). Suppose m = -m + d. Suppose -s + 1 = 2*n - 8, -5*n - 2*s = -m. What is the units digit of n?
5
Suppose 2953 + 2536 = 11*j. Suppose -3*p - 418 = -4*r - 35, -3*p = 5*r - j. What is the units digit of r?
8
Let f = 22 + -31. Let l = -6 + f. Let s = -13 - l. What is the units digit of s?
2
Let i = 33 - 45. Let b = 17 + i. Let h(v) = 7*v - 2. What is the tens digit of h(b)?
3
Let z = -15 + 47. Suppose z*y = 38*y - 690. What is the tens digit of y?
1
Let i(b) = 175*b + 71. What is the tens digit of i(3)?
9
Let r be 17 - 1 - 2 - 2. Let q(w) = w - 12. Let o be q(r). Suppose 0 = -5*g - 5*k + 25, k = -o*k - 4. What is the units digit of g?
9
Let n = -501 + 1051. What is the units digit of n?
0
Let t(m) = 7*m + 500. What is the units digit of t(-10)?
0
Let v(d) = -d**2 + 11*d + 20. Let t(i) = 3*i**2 - 21*i - 39. Let o(h) = 3*t(h) + 7*v(h). What is the units digit of o(-10)?
3
Suppose 0 = -19*f - 14*f + 11319. What is the tens digit of f?
4
Let j(x) be the second derivative of 2*x**3 + 6*x**2 - 9*x. What is the hundreds digit of j(13)?
1
Let d = -25 - -28. Let i(k) = -k**2 + 3*k - 2. Let x be i(d). Let l(s) = -11*s + 2. What is the tens digit of l(x)?
2
Suppose -h + 3 = -16. Let u = 25 - h. What is the units digit of u?
6
Let b = -27 + 231. Suppose 0 = -5*s + 536 + b. What is the tens digit of s?
4
Suppose -3*u = -4*q + 9498, -133*u = 2*q - 134*u - 4750. What is the thousands digit of q?
2
Let u = 7286 + -4973. What is the thousands digit of u?
2
Let v = -28 - -77. Suppose -2*x + 1 = -m + 8, 5*x = -5*m - 10. What is the units digit of v*((-3)/21 + m)?
2
Let p(u) = u**3 + 6*u**2 - u - 8. Let t be p(-6). What is the units digit of (-158)/(-4)*t*-1?
9
Let o = 57 + 629. What is the tens digit of o?
8
Suppose -2*q + 4*k + 41 = -29, -3*k = 3*q - 123. Suppose 6*m - q = 5*m. What is the units digit of m?
9
Let b = -21 - -18. What is the units digit of 3 - 66/18 - 248/b?
2
Let g be -141 + (-1 + 2 - 4 - -4). Let f(c) = -2*c**3 - 3*c**2 - 2*c + 1. Let w be f(-2). What is the units digit of (w/(-6))/(6/g)?
5
Let i = -608 - -1021. What is the units digit of i?
3
What is the units digit of 3 + (-49419)/(-152) + (-2)/16?
8
Let q(x) = 186*x - 186. What is the hundreds digit of q(17)?
9
Suppose 0 = -4*u - 3*d - 19, -2*d = -3*u + 3*d + 22. What is the hundreds digit of 1 - (-3 + 4)*(u + -328)?
3
Let q be 2098*1 - (0 - 3). Suppose -3*s + q = 8*s. What is the hundreds digit of s?
1
Suppose j = 2*j + 192. Let t = -127 - j. Let g = -26 + t. What is the tens digit of g?
3
Let k(x) = x + 14. Let z be k(-7). Let n = 43 + -50. What is the tens digit of (-2)/z + (-114)/n?
1
Let o(r) = r**2 - 8*r - 2. Let x be o(6). Let q = 62 - 40. Let f = q + x. What is the units digit of f?
8
Let d(x) = 58*x + 2. Let s be d(1). Let j(l) = -l + 19. Let u be j(5). What is the units digit of (s/u)/((-4)/(-28))?
0
Let o = 119 - 119. Suppose -2*j + o*j = -6, 3*y + 2*j - 246 = 0. What is the units digit of y?
0
Let m(p) = 6*p**3 - 3*p**2 - 4*p - 7. What is the hundreds digit of m(8)?
8
Suppose 2*q - 6*q = 4, -5*n = 3*q - 27. Suppose -4*g = -n*g + 10. What is the units digit of g?
5
Let w = -26 + 36. Let i be (8/10)/(w/1275). Suppose c - 4*c + i = 0. What is the units digit of c?
4
Let k = -1821 + 3260. What is the thousands digit of k?
1
Let a be ((-4)/(-3))/(2/(-18)). What is the tens digit of 87/4 + 9/a?
2
Suppose 0 = -q - 3*t + 829, -2*q = -0*t - 2*t - 1658. What is the tens digit of q?
2
Let i(b) = 1 - 13*b - 4 - 5. Let j be i(-4). Let n = j - 3. What is the units digit of n?
1
Let j = -258 - -401. Suppose -3*k = -j - 79. What is the units digit of k?
4
Suppose -4*v + 0*f = f - 29, -f + 13 = 2*v. Let j be 0 + v + -4 + -2. Suppose 4*z - j*p + 5*p - 66 = 0, z + p = 17. What is the units digit of z?
5
Let t = 108 + -110. What is the tens digit of ((-2)/4)/((-1113)/(-560) + t)?
4
Let d(z) be the second derivative of -z**5/20 + 7*z**4/12 + z**3/3 + z**2 - 3*z. What is the units digit of d(6)?
0
Suppose 2*l - 4*u - 11 - 1 = 0, 9 = -3*l - 3*u. Let x be 1*-9*(-4)/6. Suppose -x*j + 72 = -l*j. What is the tens digit of j?
1
Let h(a) = a**3 - 9*a**2 + 11*a + 4. Let i be h(9). Suppose 156 = 7*c - i. What is the units digit of c?
7
Let o